 31) - (-2 + -13)?
-18
Calculate 2 + 6 - -13 - (74 + -93).
40
What is the value of (-11 - -4 - 62) + -16 + 28 - -9?
-48
What is the value of 29 + 0 + -3414 + 3431?
46
Evaluate (-17 - 11 - 40) + 48.
-20
What is 1 + -22 + (44 - -85 - 24)?
84
Calculate -5 + (3 - -4) + 21 + (-2 + -5 - -2).
18
-164 - -14 - (-362 - -293)
-81
What is 1659 + -1568 + -65 + 1?
27
What is -80 + 54 + 46 - 19?
1
What is -30 - -5 - -17 - (-6 + 4 - (-42 + -6))?
-54
What is 88 + (-214 - (19 + -58))?
-87
What is 0 + 39 - (-312 - -70 - -358)?
-77
What is (-43 - (-52 + -20)) + -23 - 3?
3
(-3 - -2 - (13 + 4)) + 30 - 5
7
What is the value of (-3 - -32) + (-25 - -18) + (1 - -10)?
33
What is the value of 50 - (179 + (11 - 90))?
-50
What is 14 - (-18 - (-3 + -16) - 5)?
18
What is -14 + -8 - -23 - (-5 + 26 + -3 + -2)?
-15
(2 - 3 - (-6 - -12)) + -138 + 201
56
What is (16 - -10) + (91 - 85)?
32
Calculate -1 + -7 + -7 - (-29 - -14) - 1.
-1
-4 + -19 - (432 + -369)
-86
What is the value of 1117 + -1111 - (-41 - 2)?
49
Calculate -6 + -1 + (-6 - (166 + -142)) + 1 + 24.
-12
Evaluate 2 - (-11 + 87 - 151).
77
Calculate 38 - ((-11 - -12) + 79).
-42
Calculate 27 + -3 + (282 - 399) + 24.
-69
2 + -120 + (2 - 4) - (-39 + 18)
-99
Calculate 207 + -54 - (-216 - -486).
-117
What is the value of 25 + 1 + (1134 - 1162) - (29 - (2 + -1))?
-30
What is 12 + -3 + (-24 - 29 - (-6 - 2))?
-36
What is -8 - (9 - -5 - (59 - 89))?
-52
Calculate -11 + (5 - (42 - 18)) + (-6 - -3).
-33
Evaluate 62 + (-9 - (13 + -10)) + (0 - 6).
44
What is 37 + 50 + -30 + -6 + 1 + -25 - -2?
29
Calculate 66 - 112 - (0 + 5) - -7.
-44
6 + (1 - 6) - (-10 - (-2 + (-58 - 0)))
-49
What is the value of 10 + (-58 - (4 + 6)) + -18 + 7?
-69
Evaluate 7 + 35 + 2 + (0 + -18 - (17 - 26)).
35
-61 + (-48 - -115) - (-27 - ((-4 - -3) + 3))
35
Calculate 19 + (105 + -125 - (-8 - 0)).
7
Calculate 106 + -96 - (-35 + (10 - 11)).
46
-32 - (-10 + -70 + 47) - (1 + 0 + -102)
102
What is -5 + -79 + -3 + 40?
-47
What is 4 + -20 + 49 + -17?
16
What is (-49 - (-15 + 9 - -14)) + 9 - 7?
-55
What is the value of 51 - -1 - (-5 - (-65 - -38))?
30
2 - 89 - (-607 - -552)
-32
Evaluate 34 + -46 - (-2 - (2 + -5)) - (-2 + 10).
-21
Calculate ((-10 - 2) + 4 - (-18 - (-26 - -5))) + 5.
-6
What is 527 + -532 - (14 - (-3 - -1))?
-21
What is -26 + (-4 - (39 + (-17 - 1)))?
-51
Evaluate -5 + -4 + 0 + (-8 + 2 + 6 - -44).
35
What is 4 + -42 + -10 + 8 + 7 + -3?
-36
Evaluate 15 - (21 - (-23 - (-35 - -15))).
-9
Evaluate -131 + (-44 - (-51 - 32) - -4).
-88
Calculate (32 + -22 - 16) + -3 + 16.
7
(-21 + 24 - -30) + (31 - -4)
68
What is the value of 1 + -9 + 5 + (7 - (-12 - -7))?
9
Evaluate (-7 + -5 - -15) + -13.
-10
Calculate 28 - (-3 - (-7 + 25 + (1 - 18))).
32
(26 + -7 + -1 - 6 - -1) + 55
68
What is (-127 - -5) + 3 + (6 + 14 - 10)?
-109
Evaluate -77 + (-17 - (0 - ((-8 - (-7 - -1)) + 8))).
-88
115 - (6 - -30 - -23)
56
Calculate -2 + -16 + -1 - (29 - (30 - -1)).
-17
What is -41 + 8 + -2 + (-170 - -165)?
-40
10 - 3 - (-4 - (16 - 20 - (-1 + 27)))
-19
What is (2221 - 2357) + -1 + 50?
-87
Evaluate 3 - ((0 - 3 - -5) + -2 + 55 + -44).
-8
Calculate -24 + (-15 + -33 + -6 - 35).
-113
Evaluate -21 - (109 + -34 + -30).
-66
What is the value of (-54 - -12 - -57) + 3 + (1 - 61)?
-42
Evaluate 36 - 25 - (-1 + 15 + -13 + 11).
-1
Calculate -41 + 48 - ((2 - 4) + -2 - 8).
19
(53 - 9) + -13 + 2 + -2 + (6 - 3)
34
Calculate -12 + -1 + (-131 - (-261 - -114)).
3
What is the value of (-15 - -6) + 1 + 7 + (-67 - -4) + 8?
-56
50 - ((-5 - 63) + 67)
51
Calculate -9 + (-18 - (-136 + -4)) + (1 - (5 + 4)).
105
12 + -18 + -3 + (-100 - -44)
-65
Evaluate 0 + 33 + (-1 - -5) + (-11 - -20).
46
495 + -443 + (1 + 3 - (6 + 4))
46
15 + -15 + -2 - 8 - (2 + 34)
-46
3899 + -3992 + -2 + 53
-42
Calculate 14 + -7 + 1 - (-6 + 1 + -5).
18
What is the value of (-1606 - -1724) + 8 + -84?
42
Calculate 3 + (-5 - 4) + 10 + (-5 - -39).
38
-76 + 54 - (4 + (-6 - -92)) - 2
-114
-35 - (-79 + 46) - (-2 + -17)
17
Evaluate 10 - (-27 + -2 + -4 + (-9 + 25 - 12)).
39
What is the value of (-15 - (0 + 1)) + (199 - 197) - (593 - 516)?
-91
-113 - (-103 - 13) - (-15 + 3)
15
What is (-35 - -12) + 17 + -16?
-22
Calculate 11 - ((-20 - -3) + -202 + 195).
35
(9 - -4) + -1 - -38 - (-2 - -17)
35
What is the value of (190 - 180 - (4 + -43)) + 22?
71
Calculate -39 + -27 + 72 + 13.
19
Evaluate (-9 - -21) + -10 + -8 - (11 + -66).
49
What is 0 - 10 - (77 - 73) - -40 - 6?
20
Calculate 4 + (137 - 137) + -1 + -4 - 50.
-51
Calculate -16 - 13 - -2 - (3 - (-5 + 15 + -2)).
-22
Calculate (-58 - (8 + 37)) + 115.
12
Evaluate (-287 - -482 - 104) + (3 - -2).
96
Evaluate -7 - (38 + -30 + 57).
-72
Evaluate (-9 - 0) + (31 - 80) + (-91 - -108).
-41
Evaluate 9 + 30 + -2 + (-13 - -9 - -4).
37
Evaluate -232 + 135 + (5 - (-4 + 10 + -5 + -2)).
-91
(1 - (4 - -27)) + -1 - -46
15
Evaluate 60 - ((-9 - -1) + (-23 - -42) + 9).
40
Calculate 108 + 1 - (10631 - 10552).
30
What is -13 + (2 + 11 - (-11 - (-10 + 10) - -51))?
-40
-94 + 0 + 59 + -44 + -9 + -18
-106
What is 38 - 1 - ((-6 - -17) + -2) - (-7 + 4)?
31
Calculate 1 + -2 + -11 + (-6 - 3).
-21
Calculate -24 - (-35 + -8 + 60 + -112).
71
15 + -37 - (-8 + 18)
-32
Calculate (88 - 1) + -155 + -8.
-76
Evaluate 11 + 3 + -4 + -52 - -10.
-32
Calculate -2 - (-13 - (-3 - 36)) - (-71 - -53).
-10
(-151 + -23 - -102) + 3
-69
What is the value of 5757 + -5755 + (75 - (4 + (-1 - 2)))?
76
14 - 2 - (-30 - -1 - (166 - 185))
22
Evaluate (-13 - -3) + (4 - 14 - (-3 - 8)).
-9
Calculate (20 + -37 - -16) + -13 + 9 + 42.
37
((-25 - -60) + -11 - 27) + (8 + -3 - 64)
-62
Evaluate -54 + (2 + (0 - 6) - 3 - (155 + -155)).
-61
Calculate -7 + (1 - -5) + (-49 - -42) + 34.
26
What is 68 - (5 + 0 + 2 + 12 + -7 - 8)?
64
What is -34 - -22 - (15 - 74)?
47
What is -22 + (43 - (31 - 25)) + 60?
75
Evaluate (-52 - -1) + -2 + -42 + 11 + 30.
-54
Calculate -36 + 14 + -27 - (2 + 7 - -4).
-62
What is the value of -161 - (-76 - (101 - 91))?
-75
What is 89 + (21 - (5 - -25))?
80
What is 46 + -1 - (-18 + 33 - -15)?
15
Calculate -23 - (39 - 9 - 62).
9
2 + (14 - -8 - 26) + 39
37
-41 + (32 - 30 - 2) - -126
85
-12 + (0 + -4 - (-10 + 17 - 10))
-13
Evaluate -80 + 1 - (-15 - (31 + -50 + 19)).
-64
Calculate -6 + -2 + 4 - (-14 + 9 - 3).
4
What is the value of (-31 - -14 - -31) + 1 + 0 + -15?
0
What is -25716 - -25757 - (20 + (1 - 1))?
21
Evaluate (3 - 50) + -114 + 198.
37
What is 16980 + -16981 - (-34 + (0 - -2))?
31
What is the value of 773 + -815 + (1 - -9)?
-32
What is the value of (11 - (14 + 50)) + 49?
-4
-119 + (-67 - -196) - (-28 + -6)
44
What is 94 - ((-63 - (54 + -94)) + 20 + -2)?
99
Calculate 27 + 24 + -21 - 27 - -70.
73
(303 - (3 + 141)) + -39
120
What is -757 - -752 - (-55 - (5 + -7 + 1))?
49
Evaluate (9 + -41 + 7 - -5) + -15 + 3.
-32
What is (-18 - -7) + 13 + -5 - (0 + 18 + -3)?
-18
Evaluate -33 + 12 - (-127 + 15 - 1).
92
What is -5 + (2 - 2 - (45 - (-35 + 33)))?
-52
Calculate 0 + 0 + (3 - -5 - 26) - -11.
-7
What is the value of (-26 - -5) + (-10 + 21 - -9) - 41?
-42
Calculate 9 + (3 - 24) + -8 + 48.
28
Evaluate (1 - 3 - -10) + -10 + (1 - 4) + -23.
-28
1 - (-9 + 92 + -14 + 17 + 0 + 9)
-94
Evaluate 97 + -7 - (288 - 243).
45
Evaluate 43 + -19 + ((12 - -6) + 5 + -7 - 7).
33
What is the value of 55 - (3 + -2) - 31?
23
What is (343 + -194 - 198) + (-1 - 7 - (4 - 1))?
-60
Evaluate 8 - (1 + -2) - (-39 - (21 - 23)).
46
What is -71 + 96 + (-3 - 29) - (-70 - (-3 + 3))?
63
Calculate (-145 - -86 - (-48 + 1)) + -17.
-29
What is 13 + (-141 + 1 - ((32 - 18 - 1) + -28))?
-112
Calculate (-62 - 7) + 1452 + -1367.
16
Calculate -13 - (-1 - -3 - 6) - (6 - -44).
-59
(58 + -27 - -7) + -67 - 90
-119
-6 + 12 + -9 + 6 + -3 + -2 + -78
-80
What is 102 + -84 - (7 + 2 + -28)?
37
What is the value of 3 + (74 - 23) + (-11 - (-1 - -6))?
38
-99 + -44 - (37 - 110)
-70
-6 - ((-11 - 1) + 131 + -194 + 8)
61
Calculate -47 + -15 + 6 + -4 - (-14 - 2).
-44
Calculate (1 - (-12 + -2 + 24)) + -21 + -2.
-32
Evaluate (38 - -10) + -70 - -60.
38
(-24 - (-94 + 44)) + -5
21
Evaluate -27 + 2 - (-9635 - -9621).
-11
What is the value of (-39 - -16) + 20 - (-11 + 16 + -21)?
13
22 + -9 + (2 - (7 - 26 - -6)) + 1
29
Evaluate -69 - (-9 + (-66 - -54)).
-48
Calculate 250 - 247 - (-3 + 12).
-6
What is the value of 14 + (3 - (7 - -11) - 20)?
-21
What is the value of (11 - (1 - -1)) + (42 - (-46 + 70))?
27
-7 - (-25 - 1) - 28 - -6 - 0
-3
What is -41 + 115 +